t b(m) = 3*f(m) + 2*y(m). What is b(z)?
2
Let t(q) = q**3 - 3*q**2 + 8*q - 11. Let p = -634 + 637. Calculate t(p).
13
Let k = -47 - 464. Let h = k - -516. Let d(t) = t**2 + 6. What is d(h)?
31
Let s(p) = -3*p - 17. Suppose -2278*f + 2283*f = -5*d + 15, -2*f + 4 = 3*d. Give s(f).
-32
Let t(a) be the third derivative of 2/3*a**3 - 1/3*a**4 - 2 + 0*a + 1/60*a**5 + 55*a**2. Let w(j) = j. Let h be w(6). Give t(h).
-8
Let c(w) = 7*w**3 - 36*w**2 + 28*w + 1. Let j(t) = 8*t**3 - 41*t**2 + 32*t + 1. Let l(x) = 7*c(x) - 6*j(x). What is l(4)?
-15
Let d(s) be the third derivative of s**4/24 + 11*s**3/3 + 713*s**2. What is d(-8)?
14
Let b = 2271 - 2272. Let a(d) = -35*d**3 - d. Give a(b).
36
Let x(a) be the second derivative of 5/12*a**4 - 7*a + 3*a**2 + 0 + 5/6*a**3 + 1/20*a**5. Calculate x(-4).
2
Let o(w) = -w**2 + 4*w + 4. Suppose -8*y + 0*y + 392 = 0. Let h = 54 - y. Suppose -5*m = -4*z - 0*m + 13, -5*m - 20 = -h*z. Determine o(z).
-17
Let b(s) = -3*s**3 + s**2 - 1. Let h(y) = 13*y**3 - 8*y**2 - 15*y + 18. Let a(n) = -4*b(n) - h(n). Let x be a(6). Let j(d) = d**3 - 6*d**2 + 7*d - 1. Give j(x).
-5
Let h(d) be the first derivative of d**6/120 + d**5/60 - d**4/24 - d**3 + 21*d**2/2 + 69. Let w(a) be the third derivative of h(a). Determine w(2).
15
Let f = -3257 + 3244. Let c(w) = w**2 + 13*w + 26. Determine c(f).
26
Let q(o) = -44*o**3 - o**2 - 4*o + 8. Let h(x) = 53*x**3 + x**2 + 5*x - 9. Let f(r) = -6*h(r) - 7*q(r). Determine f(-1).
11
Suppose 0 = 3*i - 4*g - 482 + 545, 2*i - 5*g + 70 = 0. Let k = 1 - -1. Let z(b) = b**k - 2*b + 0*b + 5*b - 7. Give z(i).
3
Suppose -3*l + 3 = 3*x, -l + 13 = x - 6*l. Let a(v) = 183*v**3 + 3 - v + v**2 - 2 - 178*v**x. Give a(1).
6
Let g(i) = 12*i + 27. Let x be g(0). Let m(o) = -x*o - 15*o + 1 + 69*o - 17*o. What is m(-1)?
-9
Let o(i) = -7*i - 4. Let t(g) = -35*g - 21. Let p(b) = 11*o(b) - 2*t(b). Let m = -106560 - -106555. What is p(m)?
33
Suppose 27*g - 732 = 21*g. Let t(o) = 59*o - 8 - g*o + 65*o. Calculate t(6).
4
Let r(k) be the second derivative of k**3/6 + 33*k**2 + 9551*k. Determine r(-17).
49
Let o(z) = 7*z - 1. Suppose 21 = 2*h - 4*p + 1, -24 = -3*h + 3*p. Let s be -2 - (h - (5 + 1)). Calculate o(s).
-15
Suppose -2*u = -18 + 12. Let p(f) = -f**3 + 3*f**2 + 4*f - 11. Let n be p(u). Let z be (-476)/(-170) - n/(-5). Let x(a) = a + 1. Give x(z).
4
Let h(l) be the third derivative of -l**6/40 + l**5/6 - l**4/24 - l**3 + 20*l**2 + 14*l + 3. Calculate h(4).
-42
Let s(c) = -2*c + 285. Let j(x) = 7*x - 816. Let v(k) = 6*j(k) + 17*s(k). What is v(7)?
5
Suppose d = 0, 0*p = 3*p - 3*d - 6. Let h(v) = v**p - 8*v + 4*v + 3 - 2*v - 2*v**2. Calculate h(-5).
8
Let k(q) = -2*q**3 - 2*q**2 + 2*q + 3. Suppose 6*o - 25 = 5*o. Let t be (26 - o)/(2/(-4)). Determine k(t).
7
Let k(o) be the second derivative of -o**5/20 - 15*o**4/4 + 49*o**3/3 + 193*o**2/2 - 5116*o. Calculate k(-47).
5
Let f be -4 - -3 - (-4)/(-4). Let l(n) = -2 - 11*n**3 + 15*n**2 - 10*n**2 + 12*n**3 - 7*n**2 - n. Determine l(f).
-16
Let d be (-144)/(-30)*(-5)/(-1). Suppose -d = i - 5*i. Let n(a) = 2*a - 8*a**3 - 6*a**2 - 8 + 13*a**3 - 6*a**3 - 10*a**3 + 12*a**3. What is n(i)?
4
Let z = -157 - -90. Let a = 74 + z. Let r(t) = -t + 17. Give r(a).
10
Let x(a) = 10*a**2 + 8*a**3 + 9*a**3 - 26*a**3 + 10*a**3 - 9*a + 32. Let z be x(-11). Let o(c) = c - 14. Give o(z).
-4
Suppose -37 = -7*d + 33. Suppose d*k = 17 + 33. Let g(y) = -k*y**3 - 5*y**3 - 9*y**3 + 18*y**3 + 1 + 3*y + 2*y**2. Calculate g(3).
1
Let x(t) be the second derivative of -t**3/6 - t**2/2 - 8*t. Let c = 164 - 179. Let k(g) = -g**3 - 16*g**2 - 16*g - 20. Let f be k(c). What is x(f)?
4
Let h(u) = -31*u - 16. Let s(p) = -11*p - 7. Let v(j) = -2*h(j) + 5*s(j). What is v(11)?
74
Let a = -1189 - -1186. Let b(f) = f**3 + 4*f**2 + 2. Calculate b(a).
11
Let m(f) = -3*f**2 + 3*f**2 - 7 - 13*f - 2*f**2 + 4*f. Let n be m(-5). Let w(s) = -s - 10. Calculate w(n).
2
Suppose -5*u + q = -23, -q - 31 = -4*u + 4*q. Suppose 3*p = 4*p - 4. Let s(o) = u - p*o + o - 5 + 6. What is s(6)?
-13
Let z(v) = 14*v**3 + 7*v**2 + 14*v - 1. Let m(j) = 17*j**3 + 10*j**2 + 15*j + 1. Let i(c) = 5*m(c) - 6*z(c). Determine i(-9).
11
Let h(i) = 672*i**2 + 7*i - 5*i - 685*i**2 - 6*i - 2. Give h(-3).
-107
Let u(y) be the first derivative of 3*y**4/4 + y**3/3 - y**2 - y - 5856. Let k be 15/(-6) + 1/2. Give u(k).
-17
Let q(n) be the third derivative of -1/2*n**3 - 1/6*n**4 - n**2 - 1/60*n**5 + 0 + 30*n. What is q(-5)?
-8
Let j(k) = -k + 7. Let n(i) = i - 4. Let s be 54/(-8) + (-6)/24. Let r(v) = 3*v - 11. Let c(w) = s*n(w) + 2*r(w). Let g(m) = 2*c(m) - 3*j(m). What is g(6)?
-3
Let c(k) = -15*k - 22*k - 10 - 18*k + k**2 + 59*k - 18*k. Calculate c(15).
5
Let i = 38 - 33. Suppose 0 = 2*f - 2*o + 6, -3*o + 2*o = i*f + 39. Let l(h) = h - 2. Let k(v) = -v + 1. Let w(s) = -4*k(s) - 3*l(s). Determine w(f).
-5
Let a(i) be the second derivative of i**5/20 + 7*i**4/6 - 8*i**3/3 - 7*i**2 - 16*i. Let o be a(-15). Let h(f) = f**2 - 2*f - 2 - 1 - 2 - o. Give h(5).
9
Let m(l) = -89*l + 367. Let s(v) = -60*v + 231. Let z(b) = -5*m(b) + 8*s(b). Determine z(4).
-127
Suppose 5*b + 2*i - 60 = 0, i - 4*i = 5*b - 55. Let y = -14 + b. Let o be (5/(-20))/(3/(-12)) + y. Let d(l) = -12*l**3 + l**2 - l + 1. What is d(o)?
-11
Suppose 0 = 3*d + 1430*g - 1429*g + 42, 0 = -4*d + 2*g - 56. Let a(w) = -10*w - 4*w - 2*w**2 - 1 + w**2. Give a(d).
-1
Let w(o) = 27*o + 227 + 12*o**2 - 220 + o**3 - 33*o. Let q(j) = -2*j**2. Let v(b) = -4*q(b) - w(b). Determine v(-5).
-12
Suppose -22 = 13458*l - 13480*l. Let a(w) = -3*w - 12*w + 3 - 2. Calculate a(l).
-14
Let w(t) be the third derivative of -t**8/20160 + t**7/840 - t**6/120 - t**5/12 - 5*t**4/24 + t**2 + 3. Let z(l) be the third derivative of w(l). What is z(7)?
-13
Let v(j) = 2*j**2 + 5*j - 1. Let o(n) = 4*n**2 + 10*n - 1. Let w(i) = 2*o(i) - 5*v(i). Suppose -3*s = 5*b - 9, 5*b + 187*s = 182*s + 5. Give w(b).
-30
Let p be 184/13 + (-6 - 304/(-52)). Let w(d) = -4*d**2 + 58*d - 9. Give w(p).
19
Let b(t) = t - 8. Suppose 2*q + 10 = -u - 0*u, -50 = 5*u + 3*q. Let h be ((-5)/u)/(1/8). Let p be 6/2 + (1 - h)/(-3). Give b(p).
-4
Let a(s) = -34*s**3 + 1336*s**2 + 13 - 1329*s**2 + 33*s**3 - 2*s. Determine a(7).
-1
Let w = 1304 - 1297. Let k(h) = -3*h - 2 + 5*h + 1. Calculate k(w).
13
Let c(a) be the third derivative of a**5/20 + a**4/24 - 7*a**3/6 - 1585*a**2. Determine c(-5).
63
Suppose 5*v - 2*f - 25 = 0, v + 6*f = f - 22. Suppose -28 = -j - v*a, -4*j - a = 4*a - 84. Let i(n) = -n**2 + 17*n - 21. Determine i(j).
-5
Let d(s) = -4*s**2 - 2*s + 1. Suppose 10*f - 11*f + 105 = 0. Let v be 8/(-44) - (f/(-33) - 2). Suppose 0 = -2*u + r - 4 + 9, -4*u - v = 3*r. What is d(u)?
-5
Let p(a) = -a**3 + 7*a**2 - 6*a + 5. Suppose 5 - 20 = -5*t, -3*t + 10 = u. Suppose 0 = 2*k + 2*i + u + 7, -i = 4. Suppose -3*v + 18 = -k*v. Determine p(v).
5
Let u(g) = 6*g + 59. Let d be u(-10). Let f(r) = 21*r**2 - 1. Let w be f(d). Let a(b) = b**2 - 20*b + 2. Let m be a(w). Let x(i) = 3*i - 3. Calculate x(m).
3
Let x(h) = h**3 - h**2 + h + 1. Let a(t) = -6*t**3 - 2*t**2 + 3*t - 4. Let f(o) = a(o) + 5*x(o). Suppose -3*r - g = 20, 5*r + 5*g - 12 = 4*r. What is f(r)?
1
Let q(k) = k**2 - 32 + 282626*k - 282626*k. Determine q(5).
-7
Let h(y) = -2*y - 33. Let f be h(-18). Suppose 4*w = -4*l + 20, 3*w = 7*w + 5*l - 23. Let o(v) = 1 + w*v + 2*v - 5*v. Determine o(f).
-2
Let y(w) = 4*w**3 - 10*w + 3. Let s be y(0). Let t(k) = k**3 - 8*k**2 + 12*k + 2. Determine t(s).
-7
Let w(t) = -5*t - 76. Suppose 5*j + 593*l = 595*l - 82, -4*l = -j - 2. What is w(j)?
14
Suppose 30*s - 27*s - 102 = 0. Let k be 1089/153 - 4/s. Let b(d) be the third derivative of d**6/120 - 2*d**5/15 + d**4/3 + d**3/3 - 2*d**2. What is b(k)?
9
Let i(u) = -2690*u - 41 + 1345*u + 1342*u. Let o be i(-16). Let y(a) = a**3 - 7*a**2 + 6*a + 1. What is y(o)?
43
Let o(j) = 15*j + 10. Suppose -74*f = -71*f - 18. Let p(i) = -2*i. Let a(h) = f*p(h) + o(h). What is a(-6)?
-8
Let b(h) = 4 + 38*h**2 + 35*h**2 - 3 - h - 76*h**2 - 2*h. Suppose -3*a - 1 = -7. What is b(a)?
-17
Let z(k) = -k**3 - k**2 + 3*k + 1. Suppose l - 8 = 2*h, 5*l - 3*h - 62 = -4*h. Suppose l*b + 34 - 10 = 0. Give z(b).
-1
Let q = 133 - 117. Let d(u) = 35 - 20 - q + u. What is d(-3)?
-4
Suppose -57*f - 47 - 67 = 171. Let o(a) = -5*a**2 - 5*a + 12. Let u(x) = 6*x*